2. What is the highest common factor of a and j?
5
Let t be 10/3*((-3)/(-15) + 1). Suppose t = -9*b + 1156. Calculate the highest common divisor of 192 and b.
64
Let c be 2858121/1176 + (-6)/16. Calculate the greatest common divisor of 10 and c.
10
Let l be ((-82)/7)/(-1 - (-35)/49). What is the highest common divisor of l and 492?
41
Suppose -350 = -t + 2*k, -5*t + 1685 = 11*k - 8*k. Calculate the highest common factor of t and 204.
68
Let l be ((-182)/65)/(4/(-340)). Calculate the greatest common factor of 34 and l.
34
Suppose -5*m + 1 = -s, -2*m + 5*s + 1 + 4 = 0. Suppose 4*t = -m*t + 120. Let w = -36 + 51. Calculate the highest common factor of w and t.
15
Suppose 3*y - 60 = -4*h - 0*h, 60 = 3*y + h. What is the greatest common factor of y and 180?
20
Suppose v - 6*g = -2*g + 5, -5*g + 5 = 0. Let y = 32 - 29. Suppose 0 = y*t + 4*w - 181, -2*t = 2*w + 5 - 127. What is the greatest common factor of v and t?
9
Let k = 752 + -737. What is the greatest common divisor of k and 750?
15
Let q(c) = 12*c**2 + c + 2. Suppose 4 = 4*k - 3*j + 30, -k - j = 10. Let d be k/(-10)*55/(-22). Let x be q(d). What is the greatest common factor of 6 and x?
6
Let y be (-3 + (2 - -15))*(-1)/(-2). Suppose -6*x - 45 = -y*x. Calculate the highest common factor of 30 and x.
15
Let j = -27 - -60. Calculate the greatest common factor of j and 22.
11
Suppose 2*x + 2*k = 0, 2*x + 2*x = -2*k. Suppose g + x*g = 13. Suppose 5*z - 103 = -3*m, 0*z + 10 = 2*z. What is the greatest common factor of g and m?
13
Let t(m) = -m**2 + 7*m - 3. Let i be t(6). Suppose -i*q = q - 4*w - 32, 16 = -q - 5*w. Let u be 2*q/12*15. What is the highest common divisor of 15 and u?
5
Let p = 435 - 330. What is the greatest common factor of p and 28?
7
Let q(t) = -t**2 - 8*t + 11. Let l be (5 - 7)*(1 + (-14)/(-4)). Let k be q(l). What is the greatest common factor of k and 2?
2
Let b = -8 - -10. Suppose o - b*o = -517. Suppose 2*j - o = -5*g + 193, 3*g - 442 = 2*j. What is the greatest common divisor of g and 24?
24
Let y = -51 - -219. What is the greatest common divisor of 12 and y?
12
Suppose 489 = 4*a - i + 69, -4*a + 5*i = -420. Calculate the greatest common factor of a and 168.
21
Suppose -3*l + 4290 = 3*l. Calculate the greatest common divisor of l and 55.
55
Let k = -6 - -2. Let o(y) = 2*y + 8. Let v be o(k). Suppose -3*c + 66 - 6 = v. What is the greatest common divisor of 40 and c?
20
Suppose 0 = 4*p + 208 + 176. Let l be 1/(-3) - p/(-9). Let u = l + 65. Calculate the highest common divisor of u and 6.
6
Let j = -29 + 40. What is the highest common factor of 44 and j?
11
Let c(i) = -72*i - 8. Let m be c(-8). Suppose -2*d - 409 = -3*y, 3*y - m = -y - 3*d. Suppose 15 + y = r. Calculate the highest common factor of r and 22.
22
Suppose 5*u + 3 + 217 = 0. Let h(g) = 14*g. Let k be h(5). Let w = u + k. Calculate the highest common factor of w and 39.
13
Let z be -4*2/(-4) - 1221/(-33). Calculate the greatest common factor of z and 273.
39
Let l = 873 - 587. Calculate the highest common factor of 26 and l.
26
Let t = 12 + -6. Suppose -t = -q - 2*a, 2*q - 4*a - 7 = -3. Suppose -q*k - 16 = -u, 5*k - 3*k - 16 = -u. Calculate the greatest common divisor of u and 112.
16
Let t(b) = b**3 + 6*b**2 - 6*b + 7. Let w be t(-7). Let f be (6 - -1)/(w - -1). What is the greatest common divisor of f and 77?
7
Suppose 3*x - 3*l - 3741 = 0, -6*x + 4*l + 6234 = -x. Calculate the greatest common factor of x and 14.
14
Let w(h) = 17*h**2 - h + 1. Let q be w(1). Suppose -4*o + 6 = -o. Let i be -1*(-16 + (-2)/o). Calculate the greatest common divisor of q and i.
17
Let r = -401 - -416. Calculate the greatest common factor of r and 135.
15
Let w = 1348 - 1310. Let d(h) = h**3 + 2*h**2 + 2. Let m be d(-2). What is the highest common divisor of w and m?
2
Suppose 0 = 2*p - 2*d + 6, -4*p + p = -d + 9. Let t be 3/(p + (-6)/(-3)). Let w be (1*t)/((-12)/80). What is the greatest common divisor of w and 50?
10
Let x(n) = n**2 + 10*n + 18. Let b be x(-10). Suppose -6*j - b = -30. Calculate the highest common divisor of j and 14.
2
Let k(d) = d**3 + d + 7. Let m(f) = -f**2 - 8*f - 7. Let q be m(-7). Let i be k(q). What is the highest common factor of 35 and i?
7
Suppose 6*t = t. Let y(i) = 2*i + 36. Let h be y(t). What is the highest common factor of 4 and h?
4
Let g be 9 - (-2 - (1 - 5)). Let u be (g - (-4)/2)/1. Suppose 2*x + 22 = d, 707*d - 702*d + 5*x - 80 = 0. Calculate the greatest common factor of u and d.
9
Suppose -12 = 5*d - d. Let z be (-3)/9 - 157/d. Suppose -4*f + 80 = 3*l + l, l = 2*f - z. What is the greatest common divisor of f and 60?
12
Let u be -1 + -5 - (0 + 0). Let l(q) = -q**2 - 7*q + 3. Let j be l(u). Let x(m) = -m + 72. Let g be x(-27). Calculate the greatest common factor of g and j.
9
Let z = 177 - 117. Suppose 4*d - 6 = f, 3*d - 38 = -3*f + d. Suppose -f = 5*p, 3*h - p = p + 49. What is the highest common factor of h and z?
15
Let w = -76 + 79. What is the highest common factor of w and 36?
3
Let j be (-2 - -3*10)/2. Suppose -116 = -2*d + 2*i, 4*i - 106 = -2*d - j. What is the highest common factor of 36 and d?
18
Let z be (-2*18)/((-6)/4). Suppose a - 5*l - z = -a, a = l + 6. Suppose -2*h + 12 = -2*k, -h = -4*h - 5*k + a. Calculate the greatest common factor of h and 1.
1
Let b = 543 - 772. Let r = 400 + b. What is the highest common divisor of 19 and r?
19
Let r be -2 + 1 + (13 - 0) + 0. Calculate the greatest common factor of 228 and r.
12
Suppose -4*t - 6 = 42. Let p be 1/4 + (-69)/t. Let c(h) = -h**3 + 6*h**2 + h + 5. Let w be c(p). What is the highest common divisor of w and 77?
11
Let f(m) = -m**3 + 7*m**2 - m - 9. Let w be f(3). What is the greatest common divisor of 28 and w?
4
Let i = -553 - -565. Calculate the highest common divisor of i and 192.
12
Let g = 3 - -1. Let l be 28/6 + (0 - 1/(-3)). Suppose -z - l = 0, 3*a - 2*z - 19 = 39. Calculate the greatest common factor of a and g.
4
Let h = -72 + 81. Let p be (27/(-12))/(-1*4/16). Calculate the highest common divisor of p and h.
9
Let l(q) = q**2 - 13*q - 17. Let b be l(13). Let o = b + 18. Calculate the highest common factor of o and 2.
1
Let v = -461 - -470. Calculate the highest common divisor of 144 and v.
9
Let k be 2 - 1/(-2)*106. What is the highest common divisor of 33 and k?
11
Let t(q) = 3*q + 30. Let p be t(-9). Suppose 4*x - 213 = 31. Suppose 2*c - 21 = -p*v, v + x = -0*c + 5*c. What is the greatest common factor of c and 48?
12
Suppose 7*f + 210 = 21*f. Suppose 30 = 5*n - 5*g, -2*g = n - 4 + 1. What is the highest common factor of n and f?
5
Suppose 8*y - 12*y + 236 = -3*u, -5*y + 3*u = -298. What is the greatest common factor of 713 and y?
31
Let d(u) = 12*u + 75. Let l be d(25). Calculate the highest common factor of 50 and l.
25
Suppose -6*x + 1553 = -1549. Calculate the greatest common factor of 47 and x.
47
Let b(p) = -11*p - 315. Let j be b(-41). What is the highest common factor of j and 56?
8
Let m be 0/(8/(-4)) + -4. Let d be (-60)/9*(-6)/m. Let b be (d/25)/(3/(-270)). What is the highest common factor of b and 4?
4
Let q be ((-64)/56)/((-32)/14 - -2). Suppose -57 - 7 = -q*i. What is the greatest common factor of 128 and i?
16
Suppose -5*g + 190 = 2*s - s, -4*g - s + 153 = 0. Suppose -5 = -h, 4*c + 3*h = 2*c + g. Suppose -8*n = -c*n + 63. What is the highest common factor of 3 and n?
3
Suppose 674 = 2*z + 2*z - g, 0 = 5*z - 2*g - 841. Calculate the greatest common divisor of z and 26.
13
Suppose 5*l = 18*t - 20*t + 7, 4*t - l = 25. What is the greatest common factor of t and 2?
2
Let m = 0 - -11. Suppose -35*v = -19*v - 352. What is the highest common divisor of m and v?
11
Suppose 920 = -10*r + 18*r. Let g be (-1)/(1 - (-72)/(-69)). What is the highest common factor of g and r?
23
Let y = -38 + 44. Suppose 5*c + 50 = 15. Let t(w) = -6*w. Let p be t(c). Calculate the greatest common factor of p and y.
6
Suppose 13*q - 722 = 266. What is the highest common divisor of q and 494?
38
Let m(j) be the first derivative of -j**3/3 - 2*j**2 - 5*j - 8. Let z be m(-3). Let h be (-64)/(z - 3/(-2)). What is the highest common factor of 16 and h?
16
Let t be 2/(-9) - 364/63. Let w be 89/7 + t/(-21). Let f = 92 + -79. Calculate the highest common divisor of w and f.
13
Let g(h) = -4*h**3 - 2*h - 2. Let v be g(-2). Let t = 2890